{"id":32,"date":"2018-08-26T01:27:49","date_gmt":"2018-08-25T23:27:49","guid":{"rendered":"http:\/\/moniales-ermites.org\/?page_id=32"},"modified":"2026-08-09T22:39:53","modified_gmt":"2026-08-09T20:39:53","slug":"horaires-des-offices","status":"publish","type":"page","link":"https:\/\/moniales-ermites.org\/index.php\/horaires-des-offices\/","title":{"rendered":"Offices"},"content":{"rendered":"<h5><\/h5>\n<h2 style=\"text-align: center;\">Solennit\u00e9 de l&rsquo;Assomption de la Vierge Marie<\/h2>\n<h4 style=\"text-align: center;\">Samedi 15 ao\u00fbt 2026<\/h4>\n<h2 style=\"text-align: center;\">\u00a0 \u00a0 La messe sera c\u00e9l\u00e9br\u00e9e \u00e0 10 h 30<\/h2>\n<h2 style=\"text-align: center;\">en la chapelle du Centre Saint Jean de la Croix<\/h2>\n<h1 style=\"text-align: center;\">*****<\/h1>\n<p>&nbsp;<\/p>\n<h1><\/h1>\n<h1><img loading=\"lazy\" decoding=\"async\" class=\"alignleft size-medium wp-image-3526\" src=\"https:\/\/moniales-ermites.org\/wp-content\/uploads\/2026\/08\/Image-profession-Jesus-en-croix-min-211x300.jpg\" alt=\"\" width=\"211\" height=\"300\" srcset=\"https:\/\/moniales-ermites.org\/wp-content\/uploads\/2026\/08\/Image-profession-Jesus-en-croix-min-211x300.jpg 211w, https:\/\/moniales-ermites.org\/wp-content\/uploads\/2026\/08\/Image-profession-Jesus-en-croix-min.jpg 422w\" sizes=\"auto, (max-width: 211px) 100vw, 211px\" \/><\/h1>\n<p style=\"text-align: center;\">Les Moniales Ermites de la Vierge Marie ont la joie de vous annoncer :<\/p>\n<p style=\"text-align: center;\">les v\u0153ux perp\u00e9tuels de<\/p>\n<h4 style=\"text-align: center;\">S\u0153ur Christelle-Marie de la Mis\u00e9ricorde<\/h4>\n<p style=\"text-align: center;\">Au cours de l\u2019Eucharistie<\/p>\n<p style=\"text-align: center;\">pr\u00e9sid\u00e9e par Mgr Bataille, archev\u00eaque de Bourges.<\/p>\n<p style=\"text-align: center;\">En la f\u00eate de la Bienheureuse Vierge Marie Reine :<\/p>\n<h4 style=\"text-align: center;\">Samedi 22 Ao\u00fbt 2026<\/h4>\n<h4 style=\"text-align: center;\">\u00e0 10 h 30<\/h4>\n<p style=\"text-align: center;\">\u00a0 \u00a0 \u00a0 \u00a0 \u00a0 \u00a0 \u00a0 \u00a0 \u00a0 \u00a0 \u00a0 \u00a0 \u00a0 \u00a0 \u00a0 \u00a0 \u00a0 \u00a0 \u00a0 \u00a0 \u00a0 \u00a0 \u00a0 \u00a0 \u00a0 \u00a0 \u00a0 \u00a0 \u00a0 \u00a0 \u00a0 \u00a0Chapelle du Centre Saint-Jean-de-la-Croix<\/p>\n<h1 style=\"text-align: center;\">*****<\/h1>\n<div id=\"attachment_2120\" style=\"width: 191px\" class=\"wp-caption alignright\"><img loading=\"lazy\" decoding=\"async\" aria-describedby=\"caption-attachment-2120\" class=\" wp-image-2120\" src=\"https:\/\/moniales-ermites.org\/wp-content\/uploads\/2022\/06\/Esprit-Saint-en-800.jpg\" alt=\"\" width=\"181\" height=\"241\" srcset=\"https:\/\/moniales-ermites.org\/wp-content\/uploads\/2022\/06\/Esprit-Saint-en-800.jpg 600w, https:\/\/moniales-ermites.org\/wp-content\/uploads\/2022\/06\/Esprit-Saint-en-800-225x300.jpg 225w\" sizes=\"auto, (max-width: 181px) 100vw, 181px\" \/><p id=\"caption-attachment-2120\" class=\"wp-caption-text\">Vitrail de la Chapelle Saint Jean de la Croix. Courtioux<\/p><\/div>\n<p><span style=\"color: #800000; font-size: 16px;\"><strong>Horaire des offices en temps ordinaire<\/strong><br \/>\n<\/span><\/p>\n<h4><span style=\"color: #800000;\">En semaine:<\/span><\/h4>\n<p>Nos offices ont lieu dans la chapelle du centre Saint Jean de la Croix, et sont ouverts \u00e0 toute personne qui le d\u00e9sire :<\/p>\n<p>6 h 45 : Oraison \u00e0 la chapelle<\/p>\n<p>7 h 45 : Office des lectures suivi des laudes<\/p>\n<p>8 h 45 : Tierce en particulier<\/p>\n<p>9 h 00 : Eucharistie<\/p>\n<p>12 h 25 : Sexte en particulier<\/p>\n<p>14 h 00 : None en particulier<\/p>\n<p>17 h 40 : Oraison en lieu libre<\/p>\n<p>18 h 45 : V\u00eapres<\/p>\n<p>21 h 15 : Complies<\/p>\n<p><em>Le samedi et la veille d&rsquo;une solennit\u00e9 : <\/em><\/p>\n<p><em>20 h 30 : Complies puis office des lectures et vigiles<\/em><\/p>\n<h3><span style=\"color: #800000;\">Dimanches et jours f\u00e9ri\u00e9s :<\/span><\/h3>\n<p>7 h 45\u00a0 : Laudes<\/p>\n<p>L&rsquo;Eucharistie est c\u00e9l\u00e9br\u00e9e \u00e0 10 h 30<\/p>\n<p>18 h 45 : V\u00eapres<\/p>\n<p>20 h 45 : Complies<\/p>\n<p><strong><span style=\"color: #800000;\">Le premier dimanche du mois, en principe, journ\u00e9e de d\u00e9sert:<\/span><\/strong><\/p>\n<p>L&rsquo;Eucharistie est c\u00e9l\u00e9br\u00e9e \u00e0 10 h 30<\/p>\n<p>&nbsp;<\/p>\n<h3><span style=\"color: #800000;\">Vos intentions de pri\u00e8re<\/span><\/h3>\n<p style=\"text-align: justify;\"><span style=\"color: #808080;\">Vous pouvez nous laisser vos intentions de pri\u00e8res sur notre adresse Email. Elles ne seront pas publi\u00e9es, mais nous les prendrons dans notre pri\u00e8re communautaire.<\/span><\/p>\n<p style=\"text-align: justify;\"><span style=\"color: #808080;\">Email : <a href=\"mailto:courtiouxmonialesermites@gmail.com\">courtiouxmonialesermites@gmail.com<\/a><\/span><\/p>\n<p><img loading=\"lazy\" decoding=\"async\" class=\"size-full wp-image-389 alignright\" src=\"http:\/\/moniales-ermites.org\/wp-content\/uploads\/2018\/11\/Mains-soeur-en-pri\u00e8re.jpg\" alt=\"\" width=\"332\" height=\"443\" srcset=\"https:\/\/moniales-ermites.org\/wp-content\/uploads\/2018\/11\/Mains-soeur-en-pri\u00e8re.jpg 332w, https:\/\/moniales-ermites.org\/wp-content\/uploads\/2018\/11\/Mains-soeur-en-pri\u00e8re-225x300.jpg 225w\" sizes=\"auto, (max-width: 332px) 100vw, 332px\" \/><\/p>\n<p>&nbsp;<\/p>\n<p>&nbsp;<\/p>\n<p>&nbsp;<\/p>\n","protected":false},"excerpt":{"rendered":"<p>Solennit\u00e9 de l&rsquo;Assomption de la Vierge Marie Samedi 15 ao\u00fbt 2026 \u00a0 \u00a0 La messe sera c\u00e9l\u00e9br\u00e9e \u00e0 10 h 30 en la chapelle du Centre Saint Jean de la Croix ***** &nbsp; Les Moniales Ermites de la Vierge Marie ont la joie de vous annoncer : les v\u0153ux perp\u00e9tuels de S\u0153ur Christelle-Marie de la [&hellip;]<\/p>\n","protected":false},"author":1,"featured_media":0,"parent":0,"menu_order":0,"comment_status":"closed","ping_status":"closed","template":"","meta":{"footnotes":""},"class_list":["post-32","page","type-page","status-publish","hentry"],"_links":{"self":[{"href":"https:\/\/moniales-ermites.org\/index.php\/wp-json\/wp\/v2\/pages\/32","targetHints":{"allow":["GET"]}}],"collection":[{"href":"https:\/\/moniales-ermites.org\/index.php\/wp-json\/wp\/v2\/pages"}],"about":[{"href":"https:\/\/moniales-ermites.org\/index.php\/wp-json\/wp\/v2\/types\/page"}],"author":[{"embeddable":true,"href":"https:\/\/moniales-ermites.org\/index.php\/wp-json\/wp\/v2\/users\/1"}],"replies":[{"embeddable":true,"href":"https:\/\/moniales-ermites.org\/index.php\/wp-json\/wp\/v2\/comments?post=32"}],"version-history":[{"count":129,"href":"https:\/\/moniales-ermites.org\/index.php\/wp-json\/wp\/v2\/pages\/32\/revisions"}],"predecessor-version":[{"id":3527,"href":"https:\/\/moniales-ermites.org\/index.php\/wp-json\/wp\/v2\/pages\/32\/revisions\/3527"}],"wp:attachment":[{"href":"https:\/\/moniales-ermites.org\/index.php\/wp-json\/wp\/v2\/media?parent=32"}],"curies":[{"name":"wp","href":"https:\/\/api.w.org\/{rel}","templated":true}]}}

<h5></h5>
<h2 style="text-align: center;">Solennité de l&rsquo;Assomption de la Vierge Marie</h2>
<h4 style="text-align: center;">Samedi 15 août 2026</h4>
<h2 style="text-align: center;">    La messe sera célébrée à 10 h 30</h2>
<h2 style="text-align: center;">en la chapelle du Centre Saint Jean de la Croix</h2>
<h1 style="text-align: center;">*****</h1>
<p>&nbsp;</p>
<h1></h1>
<h1><img loading="lazy" decoding="async" class="alignleft size-medium wp-image-3526" src="https://moniales-ermites.org/wp-content/uploads/2026/08/Image-profession-Jesus-en-croix-min-211x300.jpg" alt="" width="211" height="300" srcset="https://moniales-ermites.org/wp-content/uploads/2026/08/Image-profession-Jesus-en-croix-min-211x300.jpg 211w, https://moniales-ermites.org/wp-content/uploads/2026/08/Image-profession-Jesus-en-croix-min.jpg 422w" sizes="auto, (max-width: 211px) 100vw, 211px" /></h1>
<p style="text-align: center;">Les Moniales Ermites de la Vierge Marie ont la joie de vous annoncer :</p>
<p style="text-align: center;">les vœux perpétuels de</p>
<h4 style="text-align: center;">Sœur Christelle-Marie de la Miséricorde</h4>
<p style="text-align: center;">Au cours de l’Eucharistie</p>
<p style="text-align: center;">présidée par Mgr Bataille, archevêque de Bourges.</p>
<p style="text-align: center;">En la fête de la Bienheureuse Vierge Marie Reine :</p>
<h4 style="text-align: center;">Samedi 22 Août 2026</h4>
<h4 style="text-align: center;">à 10 h 30</h4>
<p style="text-align: center;">                                                               Chapelle du Centre Saint-Jean-de-la-Croix</p>
<h1 style="text-align: center;">*****</h1>
<div id="attachment_2120" style="width: 191px" class="wp-caption alignright"><img loading="lazy" decoding="async" aria-describedby="caption-attachment-2120" class=" wp-image-2120" src="https://moniales-ermites.org/wp-content/uploads/2022/06/Esprit-Saint-en-800.jpg" alt="" width="181" height="241" srcset="https://moniales-ermites.org/wp-content/uploads/2022/06/Esprit-Saint-en-800.jpg 600w, https://moniales-ermites.org/wp-content/uploads/2022/06/Esprit-Saint-en-800-225x300.jpg 225w" sizes="auto, (max-width: 181px) 100vw, 181px" /><p id="caption-attachment-2120" class="wp-caption-text">Vitrail de la Chapelle Saint Jean de la Croix. Courtioux</p></div>
<p><span style="color: #800000; font-size: 16px;"><strong>Horaire des offices en temps ordinaire</strong><br />
</span></p>
<h4><span style="color: #800000;">En semaine:</span></h4>
<p>Nos offices ont lieu dans la chapelle du centre Saint Jean de la Croix, et sont ouverts à toute personne qui le désire :</p>
<p>6 h 45 : Oraison à la chapelle</p>
<p>7 h 45 : Office des lectures suivi des laudes</p>
<p>8 h 45 : Tierce en particulier</p>
<p>9 h 00 : Eucharistie</p>
<p>12 h 25 : Sexte en particulier</p>
<p>14 h 00 : None en particulier</p>
<p>17 h 40 : Oraison en lieu libre</p>
<p>18 h 45 : Vêpres</p>
<p>21 h 15 : Complies</p>
<p><em>Le samedi et la veille d&rsquo;une solennité : </em></p>
<p><em>20 h 30 : Complies puis office des lectures et vigiles</em></p>
<h3><span style="color: #800000;">Dimanches et jours fériés :</span></h3>
<p>7 h 45  : Laudes</p>
<p>L&rsquo;Eucharistie est célébrée à 10 h 30</p>
<p>18 h 45 : Vêpres</p>
<p>20 h 45 : Complies</p>
<p><strong><span style="color: #800000;">Le premier dimanche du mois, en principe, journée de désert:</span></strong></p>
<p>L&rsquo;Eucharistie est célébrée à 10 h 30</p>
<p>&nbsp;</p>
<h3><span style="color: #800000;">Vos intentions de prière</span></h3>
<p style="text-align: justify;"><span style="color: #808080;">Vous pouvez nous laisser vos intentions de prières sur notre adresse Email. Elles ne seront pas publiées, mais nous les prendrons dans notre prière communautaire.</span></p>
<p style="text-align: justify;"><span style="color: #808080;">Email : <a href="mailto:courtiouxmonialesermites@gmail.com">courtiouxmonialesermites@gmail.com</a></span></p>
<p><img loading="lazy" decoding="async" class="size-full wp-image-389 alignright" src="http://moniales-ermites.org/wp-content/uploads/2018/11/Mains-soeur-en-prière.jpg" alt="" width="332" height="443" srcset="https://moniales-ermites.org/wp-content/uploads/2018/11/Mains-soeur-en-prière.jpg 332w, https://moniales-ermites.org/wp-content/uploads/2018/11/Mains-soeur-en-prière-225x300.jpg 225w" sizes="auto, (max-width: 332px) 100vw, 332px" /></p>
<p>&nbsp;</p>
<p>&nbsp;</p>
<p>&nbsp;</p>

<p>Solennité de l&rsquo;Assomption de la Vierge Marie Samedi 15 août 2026     La messe sera célébrée à 10 h 30 en la chapelle du Centre Saint Jean de la Croix ***** &nbsp; Les Moniales Ermites de la Vierge Marie ont la joie de vous annoncer : les vœux perpétuels de Sœur Christelle-Marie de la [&hellip;]</p>
