{"id":22,"date":"2018-08-26T01:23:43","date_gmt":"2018-08-25T23:23:43","guid":{"rendered":"http:\/\/moniales-ermites.org\/?page_id=22"},"modified":"2025-01-14T11:29:01","modified_gmt":"2025-01-14T10:29:01","slug":"notre-vocation","status":"publish","type":"page","link":"https:\/\/moniales-ermites.org\/index.php\/notre-vocation\/","title":{"rendered":"Notre vocation"},"content":{"rendered":"<div class=\"wpb-content-wrapper\"><p>[vc_row][vc_column][vc_column_text]<\/p>\n<h1><span style=\"color: #800000;\">Notre vocation<\/span><\/h1>\n<p>[\/vc_column_text][\/vc_column][vc_column width=\u00a0\u00bb1\/2&Prime;][vc_column_text]<\/p>\n<h2 class=\"Corps\"><span class=\"C-3\" style=\"color: #800000;\">Une vie au d\u00e9sert<\/span><\/h2>\n<p class=\"Corps P-1\" style=\"text-align: justify;\"><span class=\"C-4\" style=\"color: #808080;\">Nous sommes un institut de vie uniquement contemplative, sans autre apostolat que la pri\u00e8re. <\/span><\/p>\n<p class=\"Corps P-1\" style=\"text-align: justify;\"><span class=\"C-4\" style=\"color: #808080;\">Notre vie est toute simple, unifi\u00e9e par la recherche de la pr\u00e9sence de Dieu dans la solitude, et de tout ce qui peut favoriser l\u2019union avec lui. Nous vivons donc \u00ab\u00a0au d\u00e9sert\u00a0\u00bb, volontairement retir\u00e9es de ce qui pourrait nous distraire de cette recherche du Visage bien-<wbr \/>aim\u00e9, avec beaucoup de temps donn\u00e9 \u00e0 l\u2019oraison silencieuse, \u00e0 la lecture spirituelle, \u00e0 la psalmodie.<\/span><\/p>\n<p>[\/vc_column_text][\/vc_column][vc_column width=\u00a0\u00bb1\/2&Prime;][vc_single_image image=\u00a0\u00bb357&Prime; img_size=\u00a0\u00bbmedium\u00a0\u00bb add_caption=\u00a0\u00bbyes\u00a0\u00bb alignment=\u00a0\u00bbcenter\u00a0\u00bb][\/vc_column][\/vc_row][vc_row][vc_column width=\u00a0\u00bb1\/2&Prime;][vc_column_text]<\/p>\n<p class=\"Corps P-1\" style=\"text-align: justify;\"><span class=\"C-4\" style=\"color: #808080;\">Vivre au d\u00e9sert, ce n\u2019est pas fuir les hommes, c\u2019est \u00eatre port\u00e9es par cette certitude que nous ne les rencontrons jamais mieux qu\u2019en Dieu\u00a0: notre solitude est habit\u00e9e de toutes les aspirations les plus profondes de nos fr\u00e8res et s\u0153urs, et nous savons qu\u2019en retour, en nous laissant refa\u00e7onner par Dieu \u00e0 sa ressemblance, nous laissons sa gr\u00e2ce rayonner sur tous, dans l\u2019invisible.<\/span><\/p>\n<p class=\"Corps P-1\" style=\"text-align: justify;\"><span class=\"C-4\" style=\"color: #808080;\">Vivre au d\u00e9sert, c\u2019est aussi accepter, \u00e0 la suite de J\u00e9sus pouss\u00e9 par l\u2019Esprit au d\u00e9sert pour y \u00eatre tent\u00e9, de mener le bon combat, celui qui consiste \u00e0 se laisser d\u00e9sarmer et d\u00e9pouiller de tous les faux-<wbr \/>semblants, pour redevenir comme de petits enfants, souples comme l\u2019argile entre les mains du potier. Pour cela, il faut accepter, encore et encore, dans le silence qui ne laisse pas d\u2019\u00e9chappatoire, de voir ses pauvret\u00e9s, ses tentations, tout le p\u00e9ch\u00e9 qui nous habite, et s\u2019offrir inlassablement \u00e0 l\u2019Esprit qui veut nous recr\u00e9er.<\/span><\/p>\n<p>[\/vc_column_text][\/vc_column][vc_column width=\u00a0\u00bb1\/2&Prime;][vc_single_image image=\u00a0\u00bb364&Prime; img_size=\u00a0\u00bbmedium\u00a0\u00bb alignment=\u00a0\u00bbcenter\u00a0\u00bb][\/vc_column][\/vc_row][vc_row][vc_column width=\u00a0\u00bb1\/2&Prime;][vc_column_text]<\/p>\n<p style=\"text-align: justify;\"><span class=\"C-4\" style=\"color: #808080;\">Notre cellule est le lieu privil\u00e9gi\u00e9 de cette vie au d\u00e9sert, la terre sainte o\u00f9 se vit la Rencontre\u00a0: v\u00e9ritable petit ermitage o\u00f9 nous prions, lisons, nous reposons, et travaillons. La lecture spirituelle, en particulier, nous met \u00e0 l\u2019\u00e9coute de la Tradition de l\u2019\u00c9glise\u00a0: \u00e0 l\u2019\u00e9cole de nos devanciers (les P\u00e8res de l\u2019\u00c9glise, les saints, les grands auteurs spirituels), nous \u00e9coutons la Parole de Dieu, nous apprenons comment r\u00e9pondre \u00e0 son appel jour apr\u00e8s jour, nous nous pr\u00e9parons \u00e0 l\u2019oraison, o\u00f9 se vit le c\u0153ur \u00e0 c\u0153ur silencieux avec lui.<\/span><\/p>\n<p>[\/vc_column_text][\/vc_column][vc_column width=\u00a0\u00bb1\/2&Prime;][vc_single_image image=\u00a0\u00bb375&Prime; img_size=\u00a0\u00bbmedium\u00a0\u00bb alignment=\u00a0\u00bbcenter\u00a0\u00bb][\/vc_column][\/vc_row][vc_row][vc_column width=\u00a0\u00bb1\/2&Prime;][vc_column_text]<\/p>\n<h2><span class=\"C-3\" style=\"color: #800000;\">Une vie fraternelle<\/span><\/h2>\n<p class=\"Corps P-1\" style=\"text-align: justify;\"><span class=\"C-4\"><span style=\"color: #808080;\">Cette vie de solitude, nous la vivons aussi en communaut\u00e9. En effet, \u00e0 la suite de tous les saints qui nous ont devanc\u00e9es (voir \u00ab\u00a0Notre histoire\u00a0\u00bb), nous avons conscience de la force de la vie communautaire pour s\u2019entraider dans le chemin vers Dieu.<\/span> <\/span><\/p>\n<p>[\/vc_column_text][\/vc_column][vc_column width=\u00a0\u00bb1\/2&Prime;][vc_single_image image=\u00a0\u00bb1089&Prime; img_size=\u00a0\u00bbmedium\u00a0\u00bb alignment=\u00a0\u00bbcenter\u00a0\u00bb][\/vc_column][\/vc_row][vc_row][vc_column width=\u00a0\u00bb1\/2&Prime;][vc_column_text]<\/p>\n<p style=\"text-align: justify;\"><span class=\"C-4\" style=\"color: #808080;\">Nos journ\u00e9es sont tiss\u00e9es de rencontres communautaires : en tout premier lieu la liturgie des heures qui nous rassemble sept fois le jour, mais aussi les repas pris en commun en \u00e9coutant une lecture, et, dans la tradition de sainte Th\u00e9r\u00e8se, de br\u00e8ves rencontres fraternelles apr\u00e8s le d\u00e9jeuner, avant de retourner dans le silence.<\/span><\/p>\n<p>[\/vc_column_text][\/vc_column][vc_column width=\u00a0\u00bb1\/2&Prime;][vc_single_image image=\u00a0\u00bb1091&Prime; img_size=\u00a0\u00bbmedium\u00a0\u00bb alignment=\u00a0\u00bbcenter\u00a0\u00bb][\/vc_column][\/vc_row][vc_row][vc_column width=\u00a0\u00bb1\/2&Prime;][vc_column_text]<\/p>\n<h2 class=\"Corps\"><span class=\"C-3\" style=\"color: #800000;\">Avec la Vierge Marie<\/span><\/h2>\n<p class=\"Corps P-1\" style=\"text-align: justify;\"><span class=\"C-4\" style=\"color: #808080;\">La Vierge Marie est le mod\u00e8le de cette vie \u00e0 laquelle nous aspirons, toute tourn\u00e9e vers le visage de son Fils, toute livr\u00e9e \u00e0 l\u2019Esprit Saint, toute docile \u00e0 la volont\u00e9 du P\u00e8re. Aussi, disent nos constitutions\u00a0: \u00ab\u00a0Les Moniales Ermites de la Vierge Marie accueillent Marie comme M\u00e8re, \u00c9ducatrice et Mod\u00e8le de leur vie au d\u00e9sert. (\u2026) Pour vivre jusqu\u2019au bout cet exode de la terre d\u2019esclavage \u00e0 la Terre Promise, de ce monde au P\u00e8re, les s\u0153urs regardent et interrogent Marie, leur prudente Conseill\u00e8re. Dans l\u2019\u00c9glise de ce temps, elles veulent pers\u00e9v\u00e9rer dans la pri\u00e8re et l\u2019accueil de la gr\u00e2ce de l\u2019Esprit au b\u00e9n\u00e9fice de tout homme, comme Marie dans la primitive \u00c9glise.\u00a0\u00bb<\/span><\/p>\n<p>[\/vc_column_text][\/vc_column][vc_column width=\u00a0\u00bb1\/2&Prime;][vc_single_image image=\u00a0\u00bb385&Prime; img_size=\u00a0\u00bbmedium\u00a0\u00bb alignment=\u00a0\u00bbcenter\u00a0\u00bb][\/vc_column][\/vc_row][vc_row][vc_column][\/vc_column][\/vc_row]<\/p>\n<h2><span style=\"color: #800000;\">Une famille qui s&rsquo;agrandit<\/span><\/h2>\n<p><span style=\"color: #808080;\">\u00c0 la communaut\u00e9 initiale se sont jointes au fil des ann\u00e9es une s\u0153ur ayant un apostolat de proximit\u00e9, et des oblates (la\u00efques d\u00e9sireuses de s\u2019associer \u00e0 la vie spirituelle de la communaut\u00e9 par un engagement personnel).<\/span><\/p>\n<\/div>","protected":false},"excerpt":{"rendered":"<p>[vc_row][vc_column][vc_column_text] Notre vocation [\/vc_column_text][\/vc_column][vc_column width=\u00a0\u00bb1\/2&Prime;][vc_column_text] Une vie au d\u00e9sert Nous sommes un institut de vie uniquement contemplative, sans autre apostolat que la pri\u00e8re. Notre vie est toute simple, unifi\u00e9e par la recherche de la pr\u00e9sence de Dieu dans la solitude, et de tout ce qui peut favoriser l\u2019union avec lui. Nous vivons donc \u00ab\u00a0au d\u00e9sert\u00a0\u00bb, [&hellip;]<\/p>\n","protected":false},"author":1,"featured_media":0,"parent":0,"menu_order":0,"comment_status":"closed","ping_status":"closed","template":"","meta":{"footnotes":""},"class_list":["post-22","page","type-page","status-publish","hentry"],"_links":{"self":[{"href":"https:\/\/moniales-ermites.org\/index.php\/wp-json\/wp\/v2\/pages\/22","targetHints":{"allow":["GET"]}}],"collection":[{"href":"https:\/\/moniales-ermites.org\/index.php\/wp-json\/wp\/v2\/pages"}],"about":[{"href":"https:\/\/moniales-ermites.org\/index.php\/wp-json\/wp\/v2\/types\/page"}],"author":[{"embeddable":true,"href":"https:\/\/moniales-ermites.org\/index.php\/wp-json\/wp\/v2\/users\/1"}],"replies":[{"embeddable":true,"href":"https:\/\/moniales-ermites.org\/index.php\/wp-json\/wp\/v2\/comments?post=22"}],"version-history":[{"count":28,"href":"https:\/\/moniales-ermites.org\/index.php\/wp-json\/wp\/v2\/pages\/22\/revisions"}],"predecessor-version":[{"id":3041,"href":"https:\/\/moniales-ermites.org\/index.php\/wp-json\/wp\/v2\/pages\/22\/revisions\/3041"}],"wp:attachment":[{"href":"https:\/\/moniales-ermites.org\/index.php\/wp-json\/wp\/v2\/media?parent=22"}],"curies":[{"name":"wp","href":"https:\/\/api.w.org\/{rel}","templated":true}]}}